{"id":310,"date":"2019-09-29T17:04:30","date_gmt":"2019-09-29T14:04:30","guid":{"rendered":"https:\/\/kolmheadtegu.ee\/?page_id=310"},"modified":"2019-09-30T23:04:08","modified_gmt":"2019-09-30T20:04:08","slug":"teenused","status":"publish","type":"page","link":"https:\/\/kolmheadtegu.ee\/index.php\/teenused\/","title":{"rendered":"Teenused"},"content":{"rendered":"\t\t<div data-elementor-type=\"wp-page\" data-elementor-id=\"310\" class=\"elementor elementor-310\">\n\t\t\t\t\t\t<section class=\"elementor-section elementor-top-section elementor-element elementor-element-291630c0 elementor-section-boxed elementor-section-height-default elementor-section-height-default\" data-id=\"291630c0\" data-element_type=\"section\">\n\t\t\t\t\t\t<div class=\"elementor-container elementor-column-gap-default\">\n\t\t\t\t\t<div class=\"elementor-column elementor-col-100 elementor-top-column elementor-element elementor-element-19febaff\" data-id=\"19febaff\" data-element_type=\"column\">\n\t\t\t<div class=\"elementor-widget-wrap elementor-element-populated\">\n\t\t\t\t\t\t<div class=\"elementor-element elementor-element-5a45591 elementor-widget elementor-widget-text-editor\" data-id=\"5a45591\" data-element_type=\"widget\" data-widget_type=\"text-editor.default\">\n\t\t\t\t<div class=\"elementor-widget-container\">\n\t\t\t\t\t\t\t\t\t<h1><strong style=\"color: #3a3939; font-family: Montserrat, Helvetica, Arial; font-size: 24px; font-style: normal;\">Millega minult v\u00f5iks abi k\u00fcsida?<\/strong><\/h1>\t\t\t\t\t\t\t\t<\/div>\n\t\t\t\t<\/div>\n\t\t\t\t<section class=\"elementor-section elementor-inner-section elementor-element elementor-element-7b7a677 elementor-section-boxed elementor-section-height-default elementor-section-height-default\" data-id=\"7b7a677\" data-element_type=\"section\">\n\t\t\t\t\t\t<div class=\"elementor-container elementor-column-gap-default\">\n\t\t\t\t\t<div class=\"elementor-column elementor-col-50 elementor-inner-column elementor-element elementor-element-75afcb8\" data-id=\"75afcb8\" data-element_type=\"column\">\n\t\t\t<div class=\"elementor-widget-wrap elementor-element-populated\">\n\t\t\t\t\t\t<div class=\"elementor-element elementor-element-2b042ee elementor-widget elementor-widget-text-editor\" data-id=\"2b042ee\" data-element_type=\"widget\" data-widget_type=\"text-editor.default\">\n\t\t\t\t<div class=\"elementor-widget-container\">\n\t\t\t\t\t\t\t\t\t<h2><strong>Coaching ja mentorlus<\/strong><\/h2><ul><li>Ettev\u00f5tlusega seotud teemad (alustamine, finantsjuhtimine, inimeste ja iseenda juhtimine, motivatsioon, strateegia, \u00e4rimudel, toote-teenus arendus, hinnastamine)<\/li><li>Iseenda arendamine (life-coaching, elu planeerimine, aja planeerimine)<\/li><\/ul><p>Coachingus kombineerin lahenduskeskset metoodikat mentorlusega, et saavutada osaleja jaoks parimat tulemust. Ma olen hea kuulaja ja j\u00e4releandmatu k\u00fcsija \u2013 te hakkate liikuma oma unistuste t\u00e4itumise suunas!\u00a0<\/p><p><strong>Soovitatav on 6-12 kuuline periood cochinguteks \u2013 selle ajaga tekkivad ja kinnistuvad uued harjumused.<\/strong><\/p><p><strong>Hinnad alates<\/strong>\u00a0150 Eurot (+k\u00e4ibemaks) coaching-sessiooni eest.\u00a0<\/p>\t\t\t\t\t\t\t\t<\/div>\n\t\t\t\t<\/div>\n\t\t\t\t\t<\/div>\n\t\t<\/div>\n\t\t\t\t<div class=\"elementor-column elementor-col-50 elementor-inner-column elementor-element elementor-element-2b79d64\" data-id=\"2b79d64\" data-element_type=\"column\">\n\t\t\t<div class=\"elementor-widget-wrap elementor-element-populated\">\n\t\t\t\t\t\t<div class=\"elementor-element elementor-element-fe20b9f elementor-widget elementor-widget-text-editor\" data-id=\"fe20b9f\" data-element_type=\"widget\" data-widget_type=\"text-editor.default\">\n\t\t\t\t<div class=\"elementor-widget-container\">\n\t\t\t\t\t\t\t\t\t<h2><strong>Koolitused<\/strong><\/h2><ul><li>Strateegia\/arengukava koostamine (strateegiline planeerimine)<\/li><li>\u00c4rimudel ja selle arendus<\/li><li>Meeskonna juhtimine ja efektiivsuse t\u00f5stmine<\/li><li>Juhtimine<\/li><\/ul><p>Koolitustel r\u00e4\u00e4gin palju teoreetilisi teemasid lahti oma kogemuse ja n\u00e4idete p\u00f5hjal. Pikk juhtimispraktika (\u00fcle 25 aasta) ja ettev\u00f5tluskogemus (\u00fcle 20 aasta) on andnud pagasi, milles on nii positiivseid kui negatiivseid n\u00e4iteid.\u00a0<\/p><p><strong>Oma koolitusmetoodika osas toon v\u00e4lja kaks p\u00f5him\u00f5tet:\u00a0<\/strong><\/p><ul><li>K\u00f5ik on tegelikult imelihtne: st et k\u00f5ik osalejad peavad aru saama mida ja miks me r\u00e4\u00e4gime ja teeme. Kui osaleja ei saa aru, siis ei ole koolitusest kasu, minu asi on n\u00e4idete ja vajadusel ka lisan\u00f5ustamisega arusaamisele maksimaalselt kaasa aidata.<\/li><li>Koolituse kasutegur on oluliselt k\u00f5rgem, kui teoorias r\u00e4\u00e4gitu saab kohe praktikas j\u00e4rgi proovida \u2013 me teeme paju asju kohapeal l\u00e4bi. See v\u00f5imaldab k\u00fcsida \u00f5igeid k\u00fcsimusi ja saavutada osalejate jaoks praktilisi tulemusi.<\/li><\/ul>\t\t\t\t\t\t\t\t<\/div>\n\t\t\t\t<\/div>\n\t\t\t\t\t<\/div>\n\t\t<\/div>\n\t\t\t\t\t<\/div>\n\t\t<\/section>\n\t\t\t\t<div class=\"elementor-element elementor-element-674b8904 elementor-widget elementor-widget-text-editor\" data-id=\"674b8904\" data-element_type=\"widget\" data-widget_type=\"text-editor.default\">\n\t\t\t\t<div class=\"elementor-widget-container\">\n\t\t\t\t\t\t\t\t\t<h2><span style=\"font-size: 24px; font-weight: 400; letter-spacing: 0px;\">K\u00fcsi k\u00fcsimusi Sulle huvipakkuval teemal v\u00f5i konkreetset pakkumist!<\/span><\/h2><p>[contact-form to=&#8221;info@kolmheadtegu.ee&#8221; subject=&#8221;Teenused&#8221;][contact-field label=&#8221;Nimi&#8221; type=&#8221;name&#8221;][contact-field label=&#8221;E-mail&#8221; type=&#8221;email&#8221;][contact-field label=&#8221;Valdkond\/Ettev\u00f5te&#8221; type=&#8221;text&#8221;][contact-field label=&#8221;S\u00f5num&#8221; type=&#8221;textarea&#8221;][\/contact-form]<\/p>\t\t\t\t\t\t\t\t<\/div>\n\t\t\t\t<\/div>\n\t\t\t\t\t<\/div>\n\t\t<\/div>\n\t\t\t\t\t<\/div>\n\t\t<\/section>\n\t\t\t\t<\/div>\n\t\t","protected":false},"excerpt":{"rendered":"<p>Millega minult v\u00f5iks abi k\u00fcsida? Coaching ja mentorlus Ettev\u00f5tlusega seotud teemad (alustamine, finantsjuhtimine, inimeste ja iseenda juhtimine, motivatsioon, strateegia, \u00e4rimudel, toote-teenus arendus, hinnastamine) Iseenda arendamine (life-coaching, elu planeerimine, aja planeerimine) Coachingus kombineerin lahenduskeskset metoodikat mentorlusega, et saavutada osaleja jaoks parimat tulemust. Ma olen hea kuulaja ja j\u00e4releandmatu k\u00fcsija \u2013 te hakkate liikuma oma unistuste t\u00e4itumise<span class=\"post-excerpt-end\">&hellip;<\/span><\/p>\n<p class=\"more-link\"><a href=\"https:\/\/kolmheadtegu.ee\/index.php\/teenused\/\" class=\"themebutton\">Read More<\/a><\/p>\n","protected":false},"author":1,"featured_media":0,"parent":0,"menu_order":0,"comment_status":"closed","ping_status":"closed","template":"","meta":{"footnotes":""},"class_list":["post-310","page","type-page","status-publish","hentry"],"yoast_head":"<!-- This site is optimized with the Yoast SEO plugin v25.8 - https:\/\/yoast.com\/wordpress\/plugins\/seo\/ -->\n<title>Teenused | Kolm Head Tegu<\/title>\n<meta name=\"description\" content=\"Tutvu Elmo Puideti pakutavate koolituste ja coachingu teenuste ja p\u00f5him\u00f5tetega.\" \/>\n<meta name=\"robots\" content=\"index, follow, max-snippet:-1, max-image-preview:large, max-video-preview:-1\" \/>\n<link rel=\"canonical\" href=\"https:\/\/kolmheadtegu.ee\/index.php\/teenused\/\" \/>\n<meta property=\"og:locale\" content=\"et_EE\" \/>\n<meta property=\"og:type\" content=\"article\" \/>\n<meta property=\"og:title\" content=\"Teenused | Kolm Head Tegu\" \/>\n<meta property=\"og:description\" content=\"Tutvu Elmo Puideti pakutavate koolituste ja coachingu teenuste ja p\u00f5him\u00f5tetega.\" \/>\n<meta property=\"og:url\" content=\"https:\/\/kolmheadtegu.ee\/index.php\/teenused\/\" \/>\n<meta property=\"og:site_name\" content=\"Kolm Head Tegu\" \/>\n<meta property=\"article:modified_time\" content=\"2019-09-30T20:04:08+00:00\" \/>\n<meta name=\"twitter:card\" content=\"summary_large_image\" \/>\n<meta name=\"twitter:label1\" content=\"Est. reading time\" \/>\n\t<meta name=\"twitter:data1\" content=\"1 minut\" \/>\n<script type=\"application\/ld+json\" class=\"yoast-schema-graph\">{\"@context\":\"https:\/\/schema.org\",\"@graph\":[{\"@type\":\"WebPage\",\"@id\":\"https:\/\/kolmheadtegu.ee\/index.php\/teenused\/\",\"url\":\"https:\/\/kolmheadtegu.ee\/index.php\/teenused\/\",\"name\":\"Teenused | Kolm Head Tegu\",\"isPartOf\":{\"@id\":\"https:\/\/kolmheadtegu.ee\/#website\"},\"datePublished\":\"2019-09-29T14:04:30+00:00\",\"dateModified\":\"2019-09-30T20:04:08+00:00\",\"description\":\"Tutvu Elmo Puideti pakutavate koolituste ja coachingu teenuste ja p\u00f5him\u00f5tetega.\",\"breadcrumb\":{\"@id\":\"https:\/\/kolmheadtegu.ee\/index.php\/teenused\/#breadcrumb\"},\"inLanguage\":\"et\",\"potentialAction\":[{\"@type\":\"ReadAction\",\"target\":[\"https:\/\/kolmheadtegu.ee\/index.php\/teenused\/\"]}]},{\"@type\":\"BreadcrumbList\",\"@id\":\"https:\/\/kolmheadtegu.ee\/index.php\/teenused\/#breadcrumb\",\"itemListElement\":[{\"@type\":\"ListItem\",\"position\":1,\"name\":\"Home\",\"item\":\"https:\/\/kolmheadtegu.ee\/\"},{\"@type\":\"ListItem\",\"position\":2,\"name\":\"Teenused\"}]},{\"@type\":\"WebSite\",\"@id\":\"https:\/\/kolmheadtegu.ee\/#website\",\"url\":\"https:\/\/kolmheadtegu.ee\/\",\"name\":\"Kolm Head Tegu\",\"description\":\"Alustava ettev\u00f5tja coaching\",\"publisher\":{\"@id\":\"https:\/\/kolmheadtegu.ee\/#organization\"},\"potentialAction\":[{\"@type\":\"SearchAction\",\"target\":{\"@type\":\"EntryPoint\",\"urlTemplate\":\"https:\/\/kolmheadtegu.ee\/?s={search_term_string}\"},\"query-input\":{\"@type\":\"PropertyValueSpecification\",\"valueRequired\":true,\"valueName\":\"search_term_string\"}}],\"inLanguage\":\"et\"},{\"@type\":\"Organization\",\"@id\":\"https:\/\/kolmheadtegu.ee\/#organization\",\"name\":\"Kolm Head Tegu\",\"url\":\"https:\/\/kolmheadtegu.ee\/\",\"logo\":{\"@type\":\"ImageObject\",\"inLanguage\":\"et\",\"@id\":\"https:\/\/kolmheadtegu.ee\/#\/schema\/logo\/image\/\",\"url\":\"https:\/\/kolmheadtegu.ee\/wp-content\/uploads\/2019\/03\/Logo3aaa.jpg\",\"contentUrl\":\"https:\/\/kolmheadtegu.ee\/wp-content\/uploads\/2019\/03\/Logo3aaa.jpg\",\"width\":297,\"height\":246,\"caption\":\"Kolm Head Tegu\"},\"image\":{\"@id\":\"https:\/\/kolmheadtegu.ee\/#\/schema\/logo\/image\/\"}}]}<\/script>\n<!-- \/ Yoast SEO plugin. -->","yoast_head_json":{"title":"Teenused | Kolm Head Tegu","description":"Tutvu Elmo Puideti pakutavate koolituste ja coachingu teenuste ja p\u00f5him\u00f5tetega.","robots":{"index":"index","follow":"follow","max-snippet":"max-snippet:-1","max-image-preview":"max-image-preview:large","max-video-preview":"max-video-preview:-1"},"canonical":"https:\/\/kolmheadtegu.ee\/index.php\/teenused\/","og_locale":"et_EE","og_type":"article","og_title":"Teenused | Kolm Head Tegu","og_description":"Tutvu Elmo Puideti pakutavate koolituste ja coachingu teenuste ja p\u00f5him\u00f5tetega.","og_url":"https:\/\/kolmheadtegu.ee\/index.php\/teenused\/","og_site_name":"Kolm Head Tegu","article_modified_time":"2019-09-30T20:04:08+00:00","twitter_card":"summary_large_image","twitter_misc":{"Est. reading time":"1 minut"},"schema":{"@context":"https:\/\/schema.org","@graph":[{"@type":"WebPage","@id":"https:\/\/kolmheadtegu.ee\/index.php\/teenused\/","url":"https:\/\/kolmheadtegu.ee\/index.php\/teenused\/","name":"Teenused | Kolm Head Tegu","isPartOf":{"@id":"https:\/\/kolmheadtegu.ee\/#website"},"datePublished":"2019-09-29T14:04:30+00:00","dateModified":"2019-09-30T20:04:08+00:00","description":"Tutvu Elmo Puideti pakutavate koolituste ja coachingu teenuste ja p\u00f5him\u00f5tetega.","breadcrumb":{"@id":"https:\/\/kolmheadtegu.ee\/index.php\/teenused\/#breadcrumb"},"inLanguage":"et","potentialAction":[{"@type":"ReadAction","target":["https:\/\/kolmheadtegu.ee\/index.php\/teenused\/"]}]},{"@type":"BreadcrumbList","@id":"https:\/\/kolmheadtegu.ee\/index.php\/teenused\/#breadcrumb","itemListElement":[{"@type":"ListItem","position":1,"name":"Home","item":"https:\/\/kolmheadtegu.ee\/"},{"@type":"ListItem","position":2,"name":"Teenused"}]},{"@type":"WebSite","@id":"https:\/\/kolmheadtegu.ee\/#website","url":"https:\/\/kolmheadtegu.ee\/","name":"Kolm Head Tegu","description":"Alustava ettev\u00f5tja coaching","publisher":{"@id":"https:\/\/kolmheadtegu.ee\/#organization"},"potentialAction":[{"@type":"SearchAction","target":{"@type":"EntryPoint","urlTemplate":"https:\/\/kolmheadtegu.ee\/?s={search_term_string}"},"query-input":{"@type":"PropertyValueSpecification","valueRequired":true,"valueName":"search_term_string"}}],"inLanguage":"et"},{"@type":"Organization","@id":"https:\/\/kolmheadtegu.ee\/#organization","name":"Kolm Head Tegu","url":"https:\/\/kolmheadtegu.ee\/","logo":{"@type":"ImageObject","inLanguage":"et","@id":"https:\/\/kolmheadtegu.ee\/#\/schema\/logo\/image\/","url":"https:\/\/kolmheadtegu.ee\/wp-content\/uploads\/2019\/03\/Logo3aaa.jpg","contentUrl":"https:\/\/kolmheadtegu.ee\/wp-content\/uploads\/2019\/03\/Logo3aaa.jpg","width":297,"height":246,"caption":"Kolm Head Tegu"},"image":{"@id":"https:\/\/kolmheadtegu.ee\/#\/schema\/logo\/image\/"}}]}},"_links":{"self":[{"href":"https:\/\/kolmheadtegu.ee\/index.php\/wp-json\/wp\/v2\/pages\/310","targetHints":{"allow":["GET"]}}],"collection":[{"href":"https:\/\/kolmheadtegu.ee\/index.php\/wp-json\/wp\/v2\/pages"}],"about":[{"href":"https:\/\/kolmheadtegu.ee\/index.php\/wp-json\/wp\/v2\/types\/page"}],"author":[{"embeddable":true,"href":"https:\/\/kolmheadtegu.ee\/index.php\/wp-json\/wp\/v2\/users\/1"}],"replies":[{"embeddable":true,"href":"https:\/\/kolmheadtegu.ee\/index.php\/wp-json\/wp\/v2\/comments?post=310"}],"version-history":[{"count":6,"href":"https:\/\/kolmheadtegu.ee\/index.php\/wp-json\/wp\/v2\/pages\/310\/revisions"}],"predecessor-version":[{"id":325,"href":"https:\/\/kolmheadtegu.ee\/index.php\/wp-json\/wp\/v2\/pages\/310\/revisions\/325"}],"wp:attachment":[{"href":"https:\/\/kolmheadtegu.ee\/index.php\/wp-json\/wp\/v2\/media?parent=310"}],"curies":[{"name":"wp","href":"https:\/\/api.w.org\/{rel}","templated":true}]}}